{"id":621,"date":"2023-10-11T10:54:16","date_gmt":"2023-10-11T13:54:16","guid":{"rendered":"https:\/\/anota.ai\/ajuda\/?page_id=621"},"modified":"2023-10-11T11:31:17","modified_gmt":"2023-10-11T14:31:17","slug":"conheca-o-indique-e-ganhe-da-anota-ai","status":"publish","type":"page","link":"https:\/\/anota.ai\/ajuda\/conheca-o-indique-e-ganhe-da-anota-ai\/","title":{"rendered":"Conhe\u00e7a o Indique e Ganhe da Anota AI"},"content":{"rendered":"\n<p>A Anota AI oferece aos seus clientes uma oportunidade \u00fanica de ganhar uma renda extra por meio do seu programa de indica\u00e7\u00f5es chamado &#8220;Indique Ganhe&#8221;.<\/p>\n\n\n\n<p>Neste programa, os clientes podem indicar a Anota AI a parceiros que tenham restaurantes e servi\u00e7os de entrega. Se a indica\u00e7\u00e3o resultar na contrata\u00e7\u00e3o de um plano, o cliente \u00e9 recompensado com um m\u00eas de uso gr\u00e1tis.&nbsp;<\/p>\n\n\n\n<p>Cada indica\u00e7\u00e3o bem-sucedida gera pontos no programa, que podem ser trocados por pr\u00eamios valiosos, como embalagens, tanque cheio, mochilas de motoboy e at\u00e9 mesmo uma moto zero quil\u00f4metro.<\/p>\n\n\n\n<h2 class=\"wp-block-heading\">Aproveite as recompensas do Indique e Ganhe<\/h2>\n\n\n\n<p>Para se beneficiar do programa &#8220;Indique Ganhe&#8221; da Anota AI, voc\u00ea precisa de uma indica\u00e7\u00e3o que contrate um plano. Acesse o menu lateral esquerdo do seu painel de administra\u00e7\u00e3o e clique em &#8220;Indique e Ganhe&#8221;. Nessa se\u00e7\u00e3o, voc\u00ea encontrar\u00e1 todas as informa\u00e7\u00f5es sobre as recompensas dispon\u00edveis e suas respectivas progress\u00f5es em indica\u00e7\u00e3o.<\/p>\n\n\n\n<figure class=\"wp-block-image\"><img decoding=\"async\" src=\"https:\/\/lh5.googleusercontent.com\/7y2HWVqFaihjLwwD-QGi8hm6NQf0RtaTpjjUS7bybVKUP-hNJF-Oupe8QiE67FkGSlxlrLKakWi7oWF1iw8w3j86f5QA3z9zhuYCSF8GvUuNM-D387aoX-ipThcZz6c5XCAKA_Ucwvd0kh9U8DedxRY\" alt=\"\"\/><\/figure>\n\n\n\n<p>Voc\u00ea pode clicar em &#8220;Detalhes&#8221; ao lado de cada pr\u00eamio para obter informa\u00e7\u00f5es adicionais sobre os requisitos necess\u00e1rios para conquist\u00e1-lo. Isso torna o processo transparente e f\u00e1cil de entender.<\/p>\n\n\n\n<figure class=\"wp-block-image\"><img decoding=\"async\" src=\"https:\/\/lh5.googleusercontent.com\/joydIK-Cd-qEZQ8YpbJcAeg_uMas-1ofm7rnffNs1oxi2gOScC25pVN7VhjPy1kbb5W95fIALBkSXhhPEWMW-LC28vJ9ZPoGRoKx3qbAXAoBFpoSEejvDXPCWOE-QKLOaMGS6PNKlroGfGPOhOiT_kw\" alt=\"\"\/><\/figure>\n\n\n\n<p>Participar do programa &#8216;Indique e Ganhe&#8217; n\u00e3o apenas permite que voc\u00ea compartilhe os servi\u00e7os da Anota AI, mas tamb\u00e9m oferece a oportunidade de ganhar recompensas enquanto contribui para o sucesso da empresa.&nbsp;<\/p>\n\n\n\n<p>Para esclarecer qualquer d\u00favida, continuamos com mais informa\u00e7\u00f5es ao longo do texto.<\/p>\n\n\n\n<h2 class=\"wp-block-heading\">Quem posso indicar?<\/h2>\n\n\n\n<p>Voc\u00ea tem a oportunidade de indicar estabelecimentos de delivery que se beneficiariam da automa\u00e7\u00e3o do sistema da Anota AI. Isso inclui seus restaurantes favoritos, parceiros de neg\u00f3cios ou qualquer estabelecimento que voc\u00ea conhe\u00e7a, e que possa se beneficiar dos nossos produtos e servi\u00e7os para otimizar o atendimento e aprimorar o processo de entrega.<\/p>\n\n\n\n<h2 class=\"wp-block-heading\">Como fazer uma indica\u00e7\u00e3o?<\/h2>\n\n\n\n<p>Para indicar a Anota AI, basta copiar o seu link de indica\u00e7\u00e3o na p\u00e1gina de indica\u00e7\u00e3o e envi\u00e1-lo para as pessoas que voc\u00ea deseja indicar. Para que sua indica\u00e7\u00e3o seja efetiva, \u00e9 necess\u00e1rio que seu contato se cadastre em nosso formul\u00e1rio.<\/p>\n\n\n\n<h2 class=\"wp-block-heading\">Como aumentar o n\u00famero de indica\u00e7\u00f5es?<\/h2>\n\n\n\n<p>Divulgue a Anota AI entre seus amigos que tamb\u00e9m atuam no setor de delivery. Compartilhe informa\u00e7\u00f5es em grupos de WhatsApp que incluam contatos do mesmo ramo. Divulgue seus resultados e destaque as vantagens de utilizar a Anota AI. Al\u00e9m disso, voc\u00ea pode usar suas redes sociais para indicar a Anota AI e convidar novas pessoas a concorrer a pr\u00eamios incr\u00edveis com voc\u00ea.<\/p>\n\n\n\n<p>Ao clicar no bot\u00e3o \u201cEnviar link\u201d, voc\u00ea abrir\u00e1 a op\u00e7\u00e3o de selecionar a conversa do WhatsApp, e o link ser\u00e1 enviado com a seguinte mensagem:<\/p>\n\n\n\n<p>\u201cOlha esse sistema que estou usando para automatizar o meu WhatsApp! [Link]\u201d<\/p>\n\n\n\n<p>Se tiver alguma d\u00favida ou precisar de assist\u00eancia adicional, entre em contato conosco, estamos aqui para ajudar.<\/p>\n","protected":false},"excerpt":{"rendered":"<p>A Anota AI oferece aos seus clientes uma oportunidade \u00fanica de ganhar uma renda extra por meio do seu programa de indica\u00e7\u00f5es chamado &#8220;Indique Ganhe&#8221;. Neste programa, os clientes podem indicar a Anota AI a parceiros que tenham restaurantes e servi\u00e7os de entrega. Se a indica\u00e7\u00e3o resultar na contrata\u00e7\u00e3o de um plano, o cliente \u00e9 [&hellip;]<\/p>\n","protected":false},"author":12,"featured_media":0,"parent":0,"menu_order":0,"comment_status":"closed","ping_status":"closed","template":"","meta":{"footnotes":""},"class_list":["post-621","page","type-page","status-publish","hentry"],"_links":{"self":[{"href":"https:\/\/anota.ai\/ajuda\/wp-json\/wp\/v2\/pages\/621","targetHints":{"allow":["GET"]}}],"collection":[{"href":"https:\/\/anota.ai\/ajuda\/wp-json\/wp\/v2\/pages"}],"about":[{"href":"https:\/\/anota.ai\/ajuda\/wp-json\/wp\/v2\/types\/page"}],"author":[{"embeddable":true,"href":"https:\/\/anota.ai\/ajuda\/wp-json\/wp\/v2\/users\/12"}],"replies":[{"embeddable":true,"href":"https:\/\/anota.ai\/ajuda\/wp-json\/wp\/v2\/comments?post=621"}],"version-history":[{"count":2,"href":"https:\/\/anota.ai\/ajuda\/wp-json\/wp\/v2\/pages\/621\/revisions"}],"predecessor-version":[{"id":639,"href":"https:\/\/anota.ai\/ajuda\/wp-json\/wp\/v2\/pages\/621\/revisions\/639"}],"wp:attachment":[{"href":"https:\/\/anota.ai\/ajuda\/wp-json\/wp\/v2\/media?parent=621"}],"curies":[{"name":"wp","href":"https:\/\/api.w.org\/{rel}","templated":true}]}}